9701 - 1110?
-2a811
In base 15, what is -23b - 1826?
-1a62
In base 5, what is 324 - -2302041?
2302420
In base 9, what is -86620 - 402?
-87122
In base 8, what is 3505704126 + 1?
3505704127
In base 7, what is 151001 + -6212?
141456
In base 5, what is -30103 + -1020233?
-1100341
In base 12, what is -1481ab - -6a?
-148141
In base 14, what is -1501d1c - 5?
-1501d23
In base 11, what is 338985 - -460?
339335
In base 11, what is 4 - 47064a4?
-47064a0
In base 12, what is 32b6190 - -3a?
32b620a
In base 7, what is 45 - -12340013?
12340061
In base 11, what is -69 - 22565?
-22623
In base 7, what is -13 - 1220613165?
-1220613211
In base 3, what is -11202002011211020100 + 10?
-11202002011211020020
In base 3, what is 202201120222101 - 11?
202201120222020
In base 9, what is 266264 - 50?
266214
In base 5, what is -10441234143 - -200?
-10441233443
In base 14, what is 17 + d11b2?
d11c9
In base 5, what is 2 - 121110141?
-121110134
In base 3, what is -22200021022221 - 1102?
-22200021101100
In base 3, what is 1021212121022120000 - -1?
1021212121022120001
In base 2, what is 1 + 1011111110100111110100?
1011111110100111110101
In base 10, what is 75314 - 6495?
68819
In base 3, what is -111012020111120 - 10?
-111012020111200
In base 14, what is 3 - -10017a?
10017d
In base 11, what is 3a + -307?
-278
In base 6, what is -1451 - 240514?
-242405
In base 3, what is -10210 + -11221020220?
-11221101200
In base 9, what is -1 - 86834343?
-86834344
In base 3, what is -120100 - -110221101220?
110220211120
In base 14, what is -65dd50 + b?
-65dd43
In base 4, what is 1013120001 + -13?
1013113322
In base 8, what is 5 + -5200514?
-5200507
In base 2, what is 111111010110111010010100 - 11?
111111010110111010010001
In base 6, what is -2552 + -121551020?
-121554012
In base 7, what is -3361225 - -613?
-3360312
In base 13, what is -77ca + -c8?
-78c5
In base 12, what is 13b - -25332?
25471
In base 12, what is 2 + -1922522b?
-19225229
In base 10, what is -3 - -242825?
242822
In base 12, what is 10720 - 1455?
b287
In base 8, what is 2464 + -67413?
-64727
In base 15, what is 1c5604 + 2a?
1c562e
In base 15, what is -36504 - 7a?
-3657e
In base 8, what is -7 - -4577270?
4577261
In base 5, what is -32302412412 - -1?
-32302412411
In base 10, what is 773859428 - -3?
773859431
In base 4, what is 112030300 + -1113000?
110311300
In base 3, what is -2 - 102120222221000222?
-102120222221001001
In base 15, what is 9ea01 - 34?
9e9bc
In base 16, what is -13 + -864ef?
-86502
In base 11, what is -17 + -2a924?
-2a940
In base 13, what is 4 + -8247903?
-82478cc
In base 6, what is 3521515 - 14101?
3503414
In base 9, what is 1 - -1202088?
1202100
In base 14, what is 104b95 + 5?
104b9a
In base 7, what is -1153250 - 5?
-1153255
In base 16, what is cd0 + 528?
11f8
In base 7, what is 1313 - 210?
1103
In base 8, what is 150 - -551224?
551374
In base 7, what is 1206030 + -42?
1205655
In base 12, what is 218a + 10644?
12812
In base 6, what is -53420301 + -44?
-53420345
In base 7, what is 50601 - -2403?
53304
In base 10, what is 10 + 2077371?
2077381
In base 16, what is -a3f - 48d6f?
-497ae
In base 10, what is -1635 - 34843?
-36478
In base 5, what is -20410422 - 123?
-20411100
In base 12, what is -56 + -392a66?
-392b00
In base 11, what is 9121 - -261?
9382
In base 11, what is 45 + -28777a1?
-2877757
In base 9, what is -3551447 + 45?
-3551402
In base 2, what is 1100010101000110000010000 + -1?
1100010101000110000001111
In base 8, what is -273032665 + -5?
-273032672
In base 14, what is 1 + -7b3990?
-7b398d
In base 6, what is -100 - 212214522?
-212215022
In base 9, what is -5 + -6068703?
-6068708
In base 13, what is 14681b3 + -3c?
1468174
In base 8, what is 1 - 25272?
-25271
In base 16, what is -3 + 2079c2?
2079bf
In base 5, what is -3043 - 24203424?
-24212022
In base 14, what is -357182 + -5a?
-3571dc
In base 2, what is -1001110010010010000 - -10100?
-1001110010001111100
In base 14, what is -81bbc + 90d?
-812ad
In base 3, what is -1210011220001222001 + -11?
-1210011220001222012
In base 16, what is -a55ed3 - -1f?
-a55eb4
In base 16, what is 444da68 + -2?
444da66
In base 9, what is 121 - -1807042?
1807163
In base 10, what is 57535355 - -5?
57535360
In base 14, what is 503 - -4c7c?
5381
In base 2, what is -1111111010000001101 - 10101?
-1111111010000100010
In base 13, what is -b - -87a11b?
87a110
In base 2, what is -1001010011000 + -11011000001?
-1100101011001
In base 5, what is -11430302 + -321?
-11431123
In base 12, what is 0 - -15a8a366?
15a8a366
In base 15, what is 58 + 556ca?
55733
In base 11, what is 33aa8a2 + 4?
33aa8a6
In base 11, what is -191386684 - 2?
-191386686
In base 4, what is -10 + 23113230112013?
23113230112003
In base 7, what is -13 - -40066330?
40066314
In base 4, what is -202 - -1003001313?
1003001111
In base 7, what is 4 + 34054562?
34054566
In base 2, what is 100100010100011000100010 - -10010?
100100010100011000110100
In base 10, what is 155 - 611397?
-611242
In base 8, what is 224020046 - 2?
224020044
In base 9, what is 1412 - -252473?
253885
In base 11, what is 33 + -116939a?
-1169367
In base 3, what is -1 - -221200111012?
221200111011
In base 3, what is 2022112 + 20122222?
22222111
In base 16, what is 89029f - 2?
89029d
In base 9, what is -32 - -3356151?
3356118
In base 3, what is -1210201 + 2012022?
101121
In base 12, what is 7abb81 + -4?
7abb79
In base 4, what is 203201 - -230332?
1100133
In base 5, what is 204310103 - 314?
204304234
In base 15, what is 265b + -11c1b?
-e5b0
In base 13, what is -1833 + -2c729?
-3125c
In base 15, what is -2eb7c + -1a?
-2eb97
In base 15, what is -33d19e0 - 3?
-33d19e3
In base 16, what is -13613c3 - -2e?
-1361395
In base 11, what is -216 - -28011?
278a6
In base 11, what is -63 - -1a67511?
1a67459
In base 10, what is -311592 - -21?
-311571
In base 4, what is 1331 - -120223013?
120231010
In base 8, what is 43133 + -2545?
40366
In base 10, what is 6618045 - -12?
6618057
In base 9, what is -631 + -10864?
-11605
In base 11, what is -24762a34 - -3?
-24762a31
In base 6, what is 1 - 1331210453?
-1331210452
In base 9, what is 8841854 - -6?
8841861
In base 15, what is -2ec2b + -46?
-2ec72
In base 2, what is 111011101111 - -1010100111110000?
1011100011011111
In base 16, what is ce - 13c3c?
-13b6e
In base 15, what is -1407d7 + -5?
-1407dc
In base 2, what is -11110010111 + 1101101?
-11100101010
In base 11, what is 24 - 26965a7?
-2696583
In base 2, what is -101 + -11001001011000010110101111?
-11001001011000010110110100
In base 11, what is -7484 - -1567?
-5a18
In base 3, what is -2121022 + -12202110021?
-12212001120
In base 14, what is -dc4956 - -3?
-dc4953
In base 5, what is 4023 - -11012000?
11021023
In base 11, what is -9a99 + 5165?
-4934
In base 10, what is -3 - -114649289?
114649286
In base 14, what is 844c3 + d2?
845b5
In base 12, what is -15 - a2a158?
-a2a171
In base 16, what is -14 - -1ad5e6?
1ad5d2
In base 16, what is 5 - 42d1d1?
-42d1cc
In base 2, what is 1011010110 + -1100010001111101110?
-1100010000100011000
In base 14, what is 385a3 + 154?
38717
In base 2, what is 1000001100111001100111101000 - 10?
1000001100111001100111100110
In base 15, what is 11b728d + 1?
11b728e
In base 9, what is 2865565 - -170?
2865745
In base 16, what is -226 - -dac?
b86
In base 6, what is -1003201535 - -4?
-1003201531
In base 3, what is 2220001 - -21121022200?
21201012201
In base 4, what is -2 - -10211021302?
10211021300
In base 13, what is 12 + 8b153b?
8b1550
In base 16, what is 6e520 - 625?
6defb
In base 3, what is -1101202112 + 100001011?
-1001201101
In base 15, what is -1d - -82527?
82509
In base 11, what is 35 - -2702645?
270267a
In base 5, what is 11 + -1012244024?
-1012244013
In base 14, what is 432335 + -5?
432330
In base 14, what is 489bb + 929?
49506
In base 13, what is 25a47 + -130?
25917
In base 14, what is -7d5 + 2103?
170c
In base 2, what is -111011110010101110 - -1001001?
-111011110001100101
In base 2, what is 10 - 1011101101011000111010?
-1011101101011000111000
In base 9, what is -1 + -34023130?
-34023131
In base 2, what is -1111010101 + 10000001000?
110011
In base 12, what is 28853 + 4b2?
29145
In base 9, what is 4281101 - -1?
4281102
In base 7, what is -6 + -21610634?
-21610643
In base 7, what is 0 - 52642135?
-52642135
In base 7, what is 24 + -2104120262?
-2104120235
In base 8, 